Calculate the remainder when 621308 is divided by 155240.
348
Calculate the remainder when 401389 is divided by 4561.
21
Calculate the remainder when 544842 is divided by 3247.
2593
What is the remainder when 80354 is divided by 1242?
866
What is the remainder when 7684610 is divided by 1921149?
14
Calculate the remainder when 413667 is divided by 103265.
607
What is the remainder when 176382 is divided by 144?
126
What is the remainder when 2143378 is divided by 65?
3
Calculate the remainder when 302556920 is divided by 76.
8
What is the remainder when 6883661 is divided by 865?
856
Calculate the remainder when 1335340 is divided by 6.
4
What is the remainder when 21547886 is divided by 52048?
14
What is the remainder when 7431879 is divided by 1857965?
19
What is the remainder when 151469896 is divided by 138?
130
What is the remainder when 30416597 is divided by 25?
22
What is the remainder when 298740 is divided by 623?
323
Calculate the remainder when 9162000 is divided by 9161998.
2
What is the remainder when 206798393 is divided by 114?
113
What is the remainder when 312296 is divided by 84?
68
What is the remainder when 2652494 is divided by 1978?
1974
What is the remainder when 4932103 is divided by 264?
55
What is the remainder when 1220789 is divided by 160?
149
Calculate the remainder when 629415 is divided by 835.
660
What is the remainder when 271382257 is divided by 29?
25
What is the remainder when 2194040 is divided by 562?
554
What is the remainder when 2230527 is divided by 65?
52
Calculate the remainder when 679345 is divided by 8386.
79
Calculate the remainder when 19875 is divided by 6557.
204
Calculate the remainder when 423281 is divided by 108.
29
What is the remainder when 16932299 is divided by 165?
164
Calculate the remainder when 217161 is divided by 20777.
9391
What is the remainder when 3571997 is divided by 22?
11
Calculate the remainder when 118763662 is divided by 33.
28
What is the remainder when 51015076 is divided by 361?
0
What is the remainder when 139199284 is divided by 1987?
1986
What is the remainder when 2077651 is divided by 48?
19
What is the remainder when 1451266 is divided by 17?
10
Calculate the remainder when 1040354 is divided by 1040331.
23
What is the remainder when 1271007 is divided by 55?
12
What is the remainder when 722632 is divided by 95?
62
What is the remainder when 2749030 is divided by 10069?
193
Calculate the remainder when 709069 is divided by 691.
103
Calculate the remainder when 207860 is divided by 69101.
557
What is the remainder when 10159536 is divided by 592?
224
What is the remainder when 1639056815 is divided by 3852?
3851
What is the remainder when 948877 is divided by 2920?
2797
Calculate the remainder when 762676 is divided by 2.
0
What is the remainder when 4328454 is divided by 181?
20
What is the remainder when 31549213 is divided by 69?
67
What is the remainder when 4828442 is divided by 18?
14
Calculate the remainder when 61290 is divided by 20333.
291
Calculate the remainder when 17625833 is divided by 98468.
61
Calculate the remainder when 37417661 is divided by 382.
379
Calculate the remainder when 431512 is divided by 39219.
103
Calculate the remainder when 511963 is divided by 85290.
223
Calculate the remainder when 1575357 is divided by 137.
131
What is the remainder when 75174 is divided by 1446?
1428
Calculate the remainder when 142069243 is divided by 142069241.
2
What is the remainder when 166861 is divided by 136?
125
What is the remainder when 784945860 is divided by 207?
204
Calculate the remainder when 14389827 is divided by 490.
487
What is the remainder when 234111 is divided by 252?
3
What is the remainder when 2447595 is divided by 256?
235
What is the remainder when 122523 is divided by 61255?
13
Calculate the remainder when 152957 is divided by 152355.
602
Calculate the remainder when 11325 is divided by 9190.
2135
Calculate the remainder when 395587 is divided by 7458.
313
Calculate the remainder when 97446102 is divided by 98.
96
Calculate the remainder when 31859 is divided by 963.
80
What is the remainder when 10769093 is divided by 28?
13
Calculate the remainder when 142278238 is divided by 40.
38
Calculate the remainder when 128368 is divided by 8557.
13
What is the remainder when 150465 is divided by 40?
25
What is the remainder when 1492837 is divided by 5617?
4332
Calculate the remainder when 139152166 is divided by 35.
6
Calculate the remainder when 5883228 is divided by 72631.
117
Calculate the remainder when 22024043 is divided by 239.
193
What is the remainder when 54568853 is divided by 3305?
3303
What is the remainder when 4853924 is divided by 432?
404
What is the remainder when 43481 is divided by 43112?
369
What is the remainder when 24833137 is divided by 93?
91
What is the remainder when 1958293 is divided by 652748?
49
What is the remainder when 16092628 is divided by 41583?
7
Calculate the remainder when 102307 is divided by 20207.
1272
What is the remainder when 3581169 is divided by 14617?
4
What is the remainder when 539408 is divided by 167?
165
Calculate the remainder when 2010974 is divided by 197.
195
Calculate the remainder when 60355 is divided by 1198.
455
What is the remainder when 7263661 is divided by 14?
13
What is the remainder when 533855106 is divided by 1531?
1530
What is the remainder when 756412 is divided by 70?
62
What is the remainder when 134613 is divided by 67199?
215
Calculate the remainder when 186154 is divided by 3303.
1186
What is the remainder when 14735809 is divided by 2089?
3
What is the remainder when 10148589 is divided by 3409?
3405
Calculate the remainder when 163187 is divided by 1013.
94
Calculate the remainder when 405922 is divided by 199888.
6146
Calculate the remainder when 204982 is divided by 15760.
102
Calculate the remainder when 29963651 is divided by 63.
32
Calculate the remainder when 4075136 is divided by 19.
16
Calculate the remainder when 1346883 is divided by 2401.
2323
What is the remainder when 1925256 is divided by 641739?
39
What is the remainder when 9621447 is divided by 443?
373
Calculate the remainder when 116220 is divided by 5772.
780
What is the remainder when 15765787 is divided by 230?
207
Calculate the remainder when 2601244 is divided by 1590.
4
What is the remainder when 10335288 is divided by 730?
678
Calculate the remainder when 5741233 is divided by 9.
7
Calculate the remainder when 19260 is divided by 17457.
1803
Calculate the remainder when 101698 is divided by 50593.
512
What is the remainder when 154913977 is divided by 5071?
5069
What is the remainder when 448112 is divided by 3898?
3740
What is the remainder when 42652 is divided by 42610?
42
Calculate the remainder when 133587 is divided by 9444.
1371
Calculate the remainder when 101981 is divided by 1985.
746
Calculate the remainder when 4002592 is divided by 277.
219
Calculate the remainder when 1662564 is divided by 40.
4
Calculate the remainder when 29766179 is divided by 9922033.
80
Calculate the remainder when 485507 is divided by 629.
548
Calculate the remainder when 1048295 is divided by 678.
107
What is the remainder when 194991 is divided by 36?
15
What is the remainder when 463864090 is divided by 8279?
8278
What is the remainder when 764619 is divided by 254723?
450
Calculate the remainder when 12011 is divided by 1003.
978
Calculate the remainder when 2746666 is divided by 549333.
1
Calculate the remainder when 5254353 is divided by 14.
13
What is the remainder when 1340384 is divided by 400?
384
What is the remainder when 590295462 is divided by 319?
317
What is the remainder when 7886225 is divided by 136?
129
Calculate the remainder when 65700799 is divided by 44.
43
Calculate the remainder when 110656 is divided by 36542.
1030
What is the remainder when 896447 is divided by 50?
47
Calculate the remainder when 124130061 is divided by 3680.
3661
Calculate the remainder when 44607 is divided by 21931.
745
What is the remainder when 2196821 is divided by 43?
37
What is the remainder when 29077181 is divided by 1342?
67
Calculate the remainder when 27136361 is divided by 437683.
15
What is the remainder when 96623 is divided by 9644?
183
What is the remainder when 19954638